73 (base 13) in base 5?
-21411044
230034423 (base 5) to base 10
1018113
What is -103350 (base 7) in base 16?
-4662
Convert 1946852 (base 10) to base 6.
105421112
-2415504 (base 7) to base 10
-306891
What is 10110101101101111001 (base 2) in base 12?
2ba8a1
What is -5b169 (base 13) in base 8?
-506474
Convert 37661706 (base 8) to base 5.
4114123424
What is -1182495 (base 10) in base 3?
-2020002002010
2276152 (base 8) to base 5
124343144
What is 210110111211 (base 3) in base 13?
11a3a3
What is 215121330 (base 6) in base 4?
32310002112
What is 3c9b4b (base 14) in base 15?
2b7973
Convert -4733 (base 12) to base 7.
-32130
What is -62d7 (base 14) in base 6?
-210525
Convert -28bdc (base 15) to base 12.
-63930
What is -1111101001111111100110 (base 2) in base 4?
-33221333212
Convert -358376 (base 9) to base 16.
-34c20
Convert 111bddb (base 16) to base 11.
a143599
What is 477f (base 16) in base 2?
100011101111111
Convert 463745 (base 8) to base 2.
100110011111100101
What is -1101011001101001010010 (base 2) in base 13?
-95cc62
Convert -4990247 (base 11) to base 4.
-201010021311
What is -1d373 (base 14) in base 10?
-74777
100010111010010101101110 (base 2) to base 4
202322111232
Convert 30203010011 (base 4) to base 9.
6163122
What is 127096 (base 15) in base 3?
1122221011020
-771692a (base 11) to base 4
-303230212200
21000200101110 (base 3) to base 6
212004403
What is 1110233323 (base 4) in base 9?
578151
Convert 1420423 (base 5) to base 3.
1111110011
2343144441 (base 5) to base 11
3088a70
What is 300312201 (base 4) in base 5?
22400342
-267587 (base 9) to base 4
-213303223
What is 210032033 (base 4) in base 3?
21112112002
-5341135 (base 9) to base 12
-b5bb12
276252 (base 12) to base 16
9f8de
-388c01 (base 14) to base 4
-13122320101
What is 1453514 (base 6) in base 16?
14c56
10001020202112 (base 3) to base 6
54411022
-111111001010010110000 (base 2) to base 10
-2069680
-1b3e4 (base 15) to base 12
-43367
2366534 (base 7) to base 6
10252125
Convert -6446a6 (base 11) to base 5.
-230443121
Convert -560586 (base 10) to base 11.
-3531a4
What is 141224 (base 5) in base 3?
21222100
101100111110100 (base 2) to base 11
16335
Convert 2311313220 (base 4) to base 9.
1354766
1040222123 (base 5) to base 13
617a1c
What is 320332012 (base 4) in base 8?
707606
What is 13040344 (base 5) in base 15?
27c19
-312131341 (base 5) to base 10
-1286471
413411420 (base 5) to base 4
12133033330
13113132010 (base 4) to base 7
22262101
What is 5024733 (base 10) in base 15?
693c23
What is -950131 (base 11) in base 9?
-2770821
What is 10434310340 (base 5) in base 10?
11635095
Convert -11dbae (base 15) to base 13.
-23cb19
Convert -138246 (base 9) to base 16.
-14b20
4236722 (base 8) to base 7
12414165
-18047836 (base 9) to base 7
-140031006
Convert 821a67 (base 11) to base 7.
14136166
Convert -9860856 (base 10) to base 8.
-45473370
What is 1af8f (base 16) in base 7?
640045
What is -81507e (base 15) in base 3?
-102120002002102
Convert 9139617 (base 10) to base 13.
1b80076
Convert -1907733 (base 10) to base 6.
-104520033
What is -53306405 (base 7) in base 11?
-260a4aa
Convert 2a565a1 (base 11) to base 7.
62333651
2743132 (base 8) to base 16
bc65a
-1d2322 (base 14) to base 4
-3332232022
What is 20402244 (base 6) in base 3?
1010001101201
Convert 100000111010110110111000 (base 2) to base 11.
4964681
What is 1061440 (base 7) in base 13?
48499
11212231 (base 8) to base 12
992389
Convert -343c41 (base 15) to base 3.
-11200200110021
What is 2964a8 (base 12) in base 5?
134222420
What is -266108 (base 9) in base 12?
-7985b
What is -20300250 (base 6) in base 8?
-2163206
Convert -2333230020 (base 4) to base 13.
-2164bc
What is 3d188 (base 16) in base 3?
110201021110
Convert -101020 (base 3) to base 14.
-15a
What is -12133150 (base 7) in base 12?
-443364
What is -232401 (base 6) in base 3?
-1000110101
What is -1110011000221 (base 3) in base 15?
-1034bd
Convert 2336865 (base 10) to base 5.
1044234430
-13424424 (base 5) to base 12
-68798
Convert 1010201210222012 (base 3) to base 13.
34cb43a
-15431430 (base 7) to base 14
-2a9b87
What is -106871 (base 9) in base 11?
-44205
-2238a73 (base 11) to base 13
-a7398c
What is 2db86 (base 15) in base 4?
210010032
2170083 (base 11) to base 16
3a161f
145674 (base 8) to base 4
30232330
61b10 (base 16) to base 9
668804
79415 (base 14) to base 2
1000111111000001011
Convert -100201201111022 (base 3) to base 9.
-10651438
What is 1033400432 (base 5) in base 13?
6089a7
Convert 11b5548 (base 12) to base 8.
15175710
What is 319535 (base 10) in base 13?
b2598
Convert -2130300323 (base 4) to base 12.
-26b70b
What is 12277 (base 15) in base 9?
87424
Convert 3a4a0 (base 12) to base 13.
2a660
4323021 (base 5) to base 3
10201211122
-456a000 (base 11) to base 7
-124636126
What is -625815 (base 9) in base 6?
-11544535
What is -330130133 (base 4) in base 2?
-111100011100011111
What is 95043 (base 12) in base 9?
326826
What is 2233324342 (base 5) in base 6?
254423232
What is -6132525 (base 8) in base 2?
-110001011010101010101
Convert -6a963 (base 11) to base 14.
-29402
What is 56734 (base 9) in base 16?
9391
Convert 5530 (base 12) to base 14.
35d2
-128b11 (base 15) to base 11
-558837
-b6aa80 (base 13) to base 9
-8042146
3096a1 (base 12) to base 15
10113d
What is 4404979 (base 11) in base 16?
760e73
What is -25624 (base 12) in base 13?
-1a2a5
Convert 5aab9 (base 12) to base 15.
26496
What is -100110010112010 (base 3) in base 7?
-60453423
Convert -16625686 (base 9) to base 11.
-4789444
53795 (base 14) to base 4
301101113
What is 53704 (base 12) in base 9?
176644
1010212211 (base 3) to base 14
82c1
What is -5433543 (base 6) in base 12?
-10b8b3
What is -257506 (base 8) in base 14?
-24ab4
What is 774220 (base 12) in base 4?
13032130320
Convert -248092 (base 14) to base 7.
-13431242
1044612 (base 7) to base 14
34db2
-356121 (base 9) to base 16
-3459a
What is -29594 (base 13) in base 6?
-1400245
Convert 113e42 (base 15) to base 9.
1484358
-11478967 (base 10) to base 14
-174b423
Convert 3a885 (base 16) to base 7.
2015656
What is 86a85 (base 14) in base 13?
b542b
Convert -3651204 (base 7) to base 5.
-104404424
What is 101110100110011011111 (base 2) in base 4?
11310303133
-6523146 (base 7) to base 14
-16a05d
421131042 (base 6) to base 8
33771702
-8434215 (base 9) to base 15
-5e169e
Convert 1025 (base 9) to base 8.
1360
What is 10046 (base 11) in base 8?
34543
What is 110112020022 (base 3) in base 5?
30342242
-656634 (base 8) to base 15
-4554c
What is 247904 (base 11) in base 6?
12214312
10111111000100111101 (base 2) to base 15
106d6d
What is 3122332133 (base 4) in base 11?
562969
Convert -2111011112 (base 3) to base 10.
-48965
-2754ce (base 16) to base 5
-1124440424
Convert -85770 (base 11) to base 14.
-33639
What is 79259 (base 13) in base 16?
35bd0
What is 21b40 (base 12) in base 13?
17538
What is 11231231 (base 6) in base 2?
1010100100011100011
-b37c (base 16) to base 7
-250650
Convert 283277 (base 9) to base 2.
101010001111001101
Convert -203005040 (base 6) to base 5.
-1344002204
Convert 404424300 (base 5) to base 16.
19039d
1273060 (base 8) to base 4
1113120300
-84ea4 (base 15) to base 6
-13012444
-1020021031 (base 4) to base 12
-123011
-20301133 (base 6) to base 4
-2032130301
Convert -1101101100101111000 (base 2) to base 16.
-6d978
What is -426000 (base 8) in base 12?
-6a454
Convert 55884 (base 13) to base 3.
21212222000
-10b72b (base 15) to base 11
-4a5700
-4c82d (base 15) to base 13
-875a1
Convert -145533325 (base 6) to base 13.
-839234
What is 50a955 (base 16) in base 8?
24124525
12903 (base 15) to base 13
21066
Convert -347633 (base 8) to base 4.
-130332123
What is -23378 (base 16) in base 3?
-21022212112
2789612 (base 10) to base 6
135442512
Convert -1010112202 (base 3) to base 10.
-22268
-d9043 (base 14) to base 6
-15122403
36084 (base 11) to base 12
26115
What is 443221 (base 14) in base 13?
630103
-322102 (base 4) to base 13
-190c
-30013121 (base 4) to base 5
-3042000
Convert -10110000100101010100010 (base 2) to base 12.
-1b30656
-4513407 (base 8) to base 4
-10221130013
What is -2002003232 (base 4) in base 15?
-a7c98
What is -157499 (base 11) in base 2?
-111011100111000101
-1771178 (base 9) to base 5
-223212332
Convert -1264405 (base 7) to base 10.
-167242
Convert -30468 (base 14) to